 = -l + 13. Let j be k(11). Determine b(j).
-10
Suppose -4*i = -0*i - 16. Let f(h) = 8*h**3 + h**2 - 11*h + 26. Let s(v) = 3*v**3 - 4*v + 9. Let w(x) = i*f(x) - 11*s(x). What is w(4)?
5
Let s(d) = -d + 2. Suppose -4*m = -2*m - 10. Suppose m*v - 28 = -3. Calculate s(v).
-3
Suppose -u = 2*g + 8, -18 + 2 = -2*u + 4*g. Let s = u - 3. Let a(x) = 0*x + 3 + 0*x + x**2 + 3*x. Give a(s).
3
Let v(r) = -2*r**2 + 2. Suppose -4*i + 4 = -3*f - 1, -5*i - 3*f + 13 = 0. Give v(i).
-6
Let w(t) = -t**2 - 6*t - 6. Let o(b) = -b**2 - 18*b + 34. Let d be o(-20). Give w(d).
-6
Let w be -2*3*(1 - -1)/6. Let d(l) = 9*l + 2. Calculate d(w).
-16
Let y(m) = m + 1. Let l(c) = 2*c**2 + 19*c - 14. Let b(o) = o**2 + 10*o - 7. Let x(i) = 11*b(i) - 6*l(i). Let n be x(-5). Determine y(n).
3
Let u(x) be the first derivative of -2*x**3 + 5. Determine u(-1).
-6
Let v = 27 - 13. Let i = 20 - v. Let j = i - 2. Let d(n) = -n**2 + 6*n - 5. Calculate d(j).
3
Let v be (5 + -3)/(0 + 1). Let z(j) = 2*j**3 + 2*j**2 + j - 4*j**3 + 3*j**3 + v + 0*j. Determine z(-3).
-10
Let z(m) = -7*m**3 + m. Let o be 20/4*17/5. Let f = -16 + o. Give z(f).
-6
Suppose 2*i = 5*j - 28, j - 2*i - 24 = 3*i. Let y(b) = j*b + 4 + 2*b - 2*b - b**2 - b. Calculate y(4).
0
Let j(v) = v + 1. Suppose -4*u - 5*f + 2 = 0, -10 = -2*u + 3*u - 4*f. Give j(u).
-1
Let w(s) = 40 + 3*s - 5*s**3 + 4*s**3 - 43 - 2*s**2. Determine w(-3).
-3
Let v(a) = -a + 7. Let b = 16 - 12. What is v(b)?
3
Let r(g) be the first derivative of g**2 - 4*g - 6. What is r(-7)?
-18
Let y = -17 + 17. Let w(u) be the third derivative of u**6/120 - u**5/60 - u**4/24 + 5*u**3/6 + u**2. Determine w(y).
5
Let y(i) = -6*i**3 + i - 1. Suppose -5*l + 4*t = -4*l, l + 3*t = 7. Suppose z = -l*z. Suppose -4 + z = -4*h. Calculate y(h).
-6
Let d be (-2)/(-2 + -2)*(-10 - -6). Let t(l) be the third derivative of -l**5/30 + l**3/3 - l**2. Give t(d).
-6
Let y = -6 + 4. Suppose -n - 2*w = -8, 6*n - 2*n - w = 5. Let x(s) = -2*s**2 + 4*s**2 + 2*s + 0*s**n. What is x(y)?
4
Suppose -4*w + 20 = 8. Let s(c) = 2 - 7*c**2 - 2*c**2 + 5*c + 0*c**2 + w*c**2 + c**3. Suppose 0 = b + 4*l - 9, -3*b + 5*l = -6*b + 20. Determine s(b).
2
Let t(s) = 2*s + 9. Let n(a) = a + 5. Let b(l) = 7*n(l) - 4*t(l). Let g(x) = x - 4. Let v(f) = 2*b(f) + g(f). What is v(0)?
-6
Let r(p) = 8 + p**3 + p - 8*p + 6*p**2 - 4. Give r(-7).
4
Let s(l) = l + 1. Suppose 2*x + 3 = -o + 3*x, -5*o + 2*x = 0. Give s(o).
3
Let a(d) = 4*d - 3. Let w(j) = -j. Let y(u) = -a(u) + w(u). Suppose 2 - 5 = -3*m, 5*m - 15 = -5*n. Determine y(n).
-7
Let r(j) be the third derivative of -j**4/24 - 4*j**2. Give r(-2).
2
Let d(i) = -i**3 - 2*i**2 - 4. Let p(z) = z + 3. Let o = 8 - 8. Let m be p(o). Suppose s + 12 = 3*f, 2*s + 3*f - m = -0*s. Give d(s).
5
Let a = 2 + -3. Let w(i) = -10*i**3 + 3*i**2 + i + 1. Let y(j) = -j**2. Let n(m) = w(m) + 4*y(m). Determine n(a).
9
Let i(f) = -f. Let s(o) = -4*o - 1. Suppose a + 2*l + 18 = -3*l, -4*a - l = -23. Suppose 5*v = -3*w - 4, 0 = 5*v - 5*w - a - 13. Let y be s(v). Determine i(y).
5
Let b(q) = -q**3 - 4*q**2 - 2*q - 1. Suppose 21 - 6 = -5*r. Calculate b(r).
-4
Let y(u) = -u**3 + u**2 - 3. Let d be y(0). Let w(v) = -v**2 - 5*v + 2. Calculate w(d).
8
Let l = -23/5 - -143/30. Let o(j) be the third derivative of 0*j + 0 - l*j**3 - 1/60*j**5 - 2*j**2 + 1/24*j**4. Give o(2).
-3
Let d(f) be the second derivative of 7*f**4/12 + f**3/6 + f**2/2 - 6*f. What is d(-1)?
7
Let j be (-18)/9 - 2*-1. Suppose 2*f - 4 = 0, j = -3*k + f + f - 16. Let r(n) = -n - 8. Calculate r(k).
-4
Let s(h) be the second derivative of h**3/6 - h**2/2 + 6*h. Let m(v) = -1. Let z(i) = 4*m(i) - s(i). Let x = -5 - -8. Calculate z(x).
-6
Let j(h) be the second derivative of 0 - 1/2*h**4 + 0*h**2 + 0*h**3 + 3*h. Determine j(1).
-6
Let k(u) be the second derivative of -5*u**3/6 - u**2/2 - u. Suppose -5*x + 14*x - 9 = 0. Calculate k(x).
-6
Let z(c) = 3*c - 9. Let h(x) = -4*x + 10. Let p(j) = -2*h(j) - 3*z(j). Let q be p(11). Let s(o) = o - 1 + 2*o - 4*o**2 + 5*o**2. Determine s(q).
3
Let t(k) = -246 - k**3 - k**2 + 5*k + 0*k + 250. Determine t(-3).
7
Let m(l) be the third derivative of -l**6/120 - l**5/30 + l**4/8 - l**3/3 - l**2. Suppose 9 = -4*z + 2*z - h, -2*z - 5*h = 21. Calculate m(z).
-2
Suppose i - 23 = -4*k - 5, -3*k = -5*i - 25. Suppose 1 = 2*n - 9, -2*m + 5*n - 29 = 0. Let y = m + i. Let u(q) = 2*q + 6. Determine u(y).
-2
Let a(d) = -14*d + 2. Let t(o) = 16*o - 2. Let l(u) = -6*a(u) - 5*t(u). Calculate l(2).
6
Let d(l) be the third derivative of l**4/24 + l**3/6 - 11*l**2. Suppose -4*o - 6 = -5*y, 5*o + 16 = -y + 3*y. Calculate d(o).
-3
Let s(n) be the first derivative of 2*n**3/3 + 5*n**2/2 + 2*n - 5. Determine s(-3).
5
Let c(d) = d**3 - 2*d**2 - 2. Let p(w) = w**3 + 3*w**2 + w + 1. Let z be p(-2). Suppose 4*n - 20 = g - z*g, 12 = 3*g. Give c(n).
7
Let z(l) = 5 + l**2 + 0*l + 4*l - 2*l**2. Determine z(5).
0
Let i(r) be the second derivative of 3/10*r**5 + 0 + 1/6*r**3 + 0*r**2 + 1/12*r**4 - 4*r. Suppose 6*c + 4 = 2*c. Determine i(c).
-6
Let n(l) = -l**2 + 3*l. Let o be n(2). Let f(b) be the first derivative of -2/3*b**3 - 2 - 2*b + b**2. Calculate f(o).
-6
Let k be (-2)/(-1) + 0/11. Let v(d) = d**2. Calculate v(k).
4
Suppose 0 = -f + 3*f + 4. Let n = -4 - f. Let u(h) = h. Determine u(n).
-2
Let b be 1/2*6 - 5. Let i(a) = 10*a**2 + 2*a + 1. Let g(h) = -51*h**2 - 10*h - 5. Let d(c) = b*g(c) - 11*i(c). Let z = 0 + -1. What is d(z)?
-7
Let j(w) = -w**2 - 4*w + 8. Let g be ((-4)/5)/((-10)/50). Suppose g*b - 9*b - 30 = 0. Determine j(b).
-4
Let u(y) = y**3 - 27*y**2 - 2*y + 54. Let q be u(27). Let d(g) be the third derivative of -1/6*g**4 - g**2 + q*g - 1/6*g**3 + 0. What is d(-1)?
3
Let n be 8*(1*-1 + 3). Suppose 5*u + 0*u = -3*q + 26, 0 = -3*u - 4*q + 20. Suppose -u = 3*r - n. Let o(v) = -v - 2. What is o(r)?
-6
Let t(j) = -2*j - 1. Let z(p) = p**3 - 2*p**2 + 3*p - 3. Let r be z(2). Let m be (-2)/5 - (-54)/10. Suppose -a - 9 = m*b, r*b + 2*b + 3*a = -17. Determine t(b).
1
Let x(r) = r - 1. Let p(y) = 4*y - 7. Let k(h) = p(h) - 5*x(h). Determine k(5).
-7
Let s(d) = 2*d + 32. Let x be s(-17). Let p(h) = 6*h + 1. Give p(x).
-11
Let j(f) be the second derivative of f**5/60 + f**4/4 + 5*f**2/2 - 3*f. Let b(h) be the first derivative of j(h). Give b(-6).
0
Let j be (1 + -4 - -3) + 0. Let k(p) = p**2 + 2. Calculate k(j).
2
Let i be ((-12)/8)/3*12. Let o(x) = -x**3 - 7*x**2 - 8*x - 5. Calculate o(i).
7
Let p(z) = -z. Suppose 2*j + 0*j = 0. Suppose j = g - 5*g. Suppose -4*b - 4*w + 36 = g, 3*b = -b + 5*w. What is p(b)?
-5
Let c(a) be the first derivative of 2*a**3/3 - 5*a**2/2 + 2*a + 3. Let p = -1 - -4. Determine c(p).
5
Let g = -8 - -7. Let l be (g + 1)/((-4)/(-2)). Let c(y) be the second derivative of y**4/12 + 5*y**2 - y. What is c(l)?
10
Let a = 5 + -8. Let u be (-4)/(a - 1/(-1)). Let k(h) = -h**3 + 2*h**3 + 1 - 3*h**3 + h**2 - u*h. Determine k(1).
-2
Let x(u) = u + 1. Let d(l) = -7*l - 5. Let p(c) = d(c) + 6*x(c). What is p(-4)?
5
Let q(m) = -2*m**3 + 2*m**2 - 5*m + 5. Let s(j) = -j**3 + j**2 - 3*j + 3. Let a(t) = 3*q(t) - 5*s(t). What is a(2)?
-4
Let l(z) be the first derivative of -z**2/2 + 3*z + 1. Let r(s) = 2*s + 1. Suppose k + k = -4*u + 14, 2*u = -5*k + 27. Let t be r(u). Calculate l(t).
0
Let b(r) = 15*r - 8*r - 2 - 4*r. Determine b(-3).
-11
Suppose -3*g = -4*x + 19, -5*g - 8 = -x + 18. Let w(n) = -9*n**3 - 2*n**2 + n. Determine w(x).
-10
Suppose -2*h + h - 1 = 4*f, -4*h + 11 = f. Let v(i) = 1 - 3*i - 3*i + 0. Give v(f).
7
Let z(r) = -1 - 3*r + 3 - 2 + 1. Give z(-1).
4
Let h(d) = -4*d - 1. Let r be h(-1). Let u(z) = 2*z**2 - z**3 - 7 + r*z**2 + 6. Determine u(5).
-1
Let l(u) = 5*u**2 - 2*u - 1. Let t be l(-1). Suppose 0 = -4*n - 4, 5*m - n = -3 - t. Let q(c) = 3*c - 2. Calculate q(m).
-8
Let k(s) = 14*s**3 - 20*s**2 + 6*s - 2. Let g(c) = 9*c**3 - 13*c**2 + 4*c - 1. Let l be 4 + 4 + -1*3. Let q(a) = l*k(a) - 8*g(a). What is q(2)?
-6
Suppose -3 = -2*h + 2*a + 1, 3*a - 9 = -2*h. Let o(g) = -1 + 4*g**2 - 8*g**3 + 7*g**3 - 4*g + 5*g - h*g. Calculate o(3).
2
Let t(v) be the third derivative of v**4/24 + v**3 + 2*v**2. Calculate t(-5).
1
Let l be 2/(-5) + 54/10. Let o(y) = y**3 - 4*y**2 - 4*y - 2. Give o(l).
3
Suppose -2*n - j = -14, 44 = 3*n + 2*n - 2*j. Let x = 14 - n. Let z(i) = i**3 - 5*i**2 - 6*i. What is z(x)?
0
Let 